f 3598810?
True
Is 2 a factor of 3159?
False
Is 557 a factor of 1690382?
False
Is 104 a factor of 894400?
True
Is 26 a factor of 729868?
False
Is 55 a factor of 3851976?
False
Is 2212125 a multiple of 75?
True
Does 57 divide 299307?
True
Is 270383 a multiple of 34?
False
Is 8 a factor of 84880?
True
Does 77 divide 515823?
True
Is 58 a factor of 8128700?
True
Is 185 a factor of 1013158?
False
Does 71 divide 337037?
True
Does 40 divide 106600?
True
Does 97 divide 4679959?
True
Is 3195514 a multiple of 7?
True
Is 12480058 a multiple of 9?
False
Is 203315 a multiple of 1295?
True
Does 9 divide 262017?
True
Is 5913 a multiple of 9?
True
Is 208 a factor of 10727405?
False
Does 49 divide 662093?
False
Is 699 a factor of 3032899?
False
Does 82 divide 766618?
True
Does 45 divide 400863?
False
Is 190 a factor of 191022?
False
Is 214208 a multiple of 64?
True
Is 5 a factor of 391185?
True
Is 7449 a multiple of 119?
False
Does 6 divide 1881710?
False
Does 203 divide 9879371?
False
Does 30 divide 218785?
False
Does 57 divide 121394?
False
Is 11 a factor of 40270860?
False
Is 19138480 a multiple of 8?
True
Does 56 divide 1503936?
True
Is 2382476 a multiple of 284?
True
Does 5 divide 27243?
False
Is 1660836 a multiple of 78?
False
Is 2064 a factor of 27180816?
True
Does 370 divide 9573092?
False
Is 103 a factor of 18963845?
True
Is 31 a factor of 15127?
False
Is 3473302 a multiple of 217?
True
Does 48 divide 23765270?
False
Is 38 a factor of 80180?
True
Does 48 divide 295728?
True
Is 578825 a multiple of 25?
True
Does 17 divide 1167832?
True
Is 2323718 a multiple of 4?
False
Is 226 a factor of 5215416?
False
Is 290763 a multiple of 297?
True
Does 68 divide 8141572?
True
Is 1031796 a multiple of 12?
True
Is 8792146 a multiple of 201?
False
Is 19775 a multiple of 3?
False
Is 1120 a factor of 6533773?
False
Is 18 a factor of 271512?
True
Is 698580 even?
True
Is 584956 a multiple of 7?
False
Does 18 divide 933792?
False
Is 3371160 a multiple of 223?
False
Is 64 a factor of 1215121?
False
Is 337 a factor of 1138386?
True
Is 10 a factor of 13771811?
False
Does 438 divide 20341596?
True
Is 934044 a multiple of 7?
False
Is 22 a factor of 375892?
True
Is 13259320 a multiple of 740?
True
Does 1042 divide 2056908?
True
Is 189 a factor of 3779622?
True
Is 213 a factor of 14879?
False
Does 45 divide 704430?
True
Is 7372788 a multiple of 4?
True
Is 736881 a multiple of 1117?
False
Is 261 a factor of 2080719?
False
Is 122 a factor of 8200000?
False
Does 27 divide 739395?
True
Is 3 a factor of 403380?
True
Is 1845121 a multiple of 738?
False
Does 19 divide 1392070?
False
Is 152 a factor of 255352?
False
Is 2436 a multiple of 4?
True
Is 2825057 a multiple of 2?
False
Is 4023104 a multiple of 180?
False
Does 404 divide 10065246?
False
Is 164 a factor of 26240?
True
Is 34 a factor of 1313862?
True
Does 50 divide 90950?
True
Is 388713 a multiple of 195?
False
Does 130 divide 3146944?
False
Is 57 a factor of 81570?
False
Is 379 a factor of 3856704?
True
Does 14 divide 54125?
False
Does 99 divide 407385?
True
Does 134 divide 716900?
True
Does 163 divide 14410663?
False
Is 2941392 a multiple of 24?
True
Does 203 divide 92974?
True
Is 272 a factor of 28313?
False
Is 969628 a multiple of 11?
True
Is 79 a factor of 30188?
False
Is 15 a factor of 1959215?
False
Does 102 divide 417078?
True
Does 51 divide 40371?
False
Does 7 divide 2472253?
True
Is 93 a factor of 711450?
True
Does 33 divide 1019946?
False
Is 842169 a multiple of 62?
False
Is 70 a factor of 325640?
True
Is 7642587 a multiple of 5?
False
Does 7 divide 1472?
False
Does 19 divide 6574492?
False
Is 1016 a factor of 916689?
False
Is 59 a factor of 109900?
False
Is 71259 a multiple of 144?
False
Does 465 divide 515414?
False
Is 112 a factor of 3524192?
True
Is 118 a factor of 2253512?
False
Does 80 divide 9360?
True
Is 113 a factor of 2405674?
False
Is 4601733 a multiple of 8?
False
Is 3735764 a multiple of 556?
True
Does 16 divide 26646?
False
Does 12 divide 346800?
True
Is 54 a factor of 183060?
True
Does 36 divide 76860?
True
Is 10 a factor of 454993?
False
Is 1410783 a multiple of 457?
False
Is 21032920 a multiple of 1910?
True
Does 83 divide 7885578?
False
Is 505660 a multiple of 10?
True
Is 15 a factor of 4383555?
True
Does 1796 divide 7550909?
False
Does 50 divide 1773243?
False
Is 6 a factor of 3981930?
True
Is 1089 a factor of 12044340?
True
Is 2226656 a multiple of 2?
True
Is 161129 a multiple of 59?
True
Is 9 a factor of 247185?
True
Is 1982140 a multiple of 23?
True
Is 147 a factor of 74402?
False
Is 1054458 a multiple of 207?
True
Does 114 divide 105720?
False
Is 750 a factor of 702750?
True
Does 128 divide 58240?
True
Is 8169870 a multiple of 657?
False
Is 8 a factor of 1232333?
False
Is 19 a factor of 180272?
True
Is 65 a factor of 2295065?
False
Is 68 a factor of 3316635?
False
Does 110 divide 9521160?
True
Is 416898 a multiple of 19?
True
Is 12282975 a multiple of 1400?
False
Is 431614 a multiple of 67?
True
Is 1507250 a multiple of 11?
False
Is 347 a factor of 48644?
False
Is 1081200 a multiple of 159?
True
Is 66 a factor of 1179037?
False
Is 381187 a multiple of 28?
False
Is 69558 a multiple of 42?
False
Is 579753 a multiple of 863?
False
Does 660 divide 770811?
False
Is 402 a factor of 11743626?
True
Does 78 divide 1758324?
False
Is 121443 a multiple of 51?
False
Is 303 a factor of 697506?
True
Is 73 a factor of 1444203?
False
Does 713 divide 19322300?
True
Does 40 divide 3707200?
True
Does 4 divide 54283?
False
Is 10 a factor of 1052361?
False
Is 77 a factor of 6391?
True
Is 307912 a multiple of 11?
True
Is 131440 a multiple of 265?
True
Is 1852197 a multiple of 501?
True
Does 7 divide 1092805?
True
Is 467038 a multiple of 127?
False
Does 156 divide 112944?
True
Does 3 divide 7723832?
False
Is 51 a factor of 5339598?
True
Is 214 a factor of 1342636?
True
Is 396066 a multiple of 2?
True
Is 13 a factor of 187473?
True
Is 85 a factor of 658835?
True
Does 13 divide 578071?
True
Is 20470 a multiple of 11?
False
Is 617992 a multiple of 87?
False
Is 64500 a multiple of 100?
True
Does 171 divide 11255049?
True
Is 6855838 a multiple of 1109?
True
Is 463 a factor of 648986?
False
Is 288460 a multiple of 10?
True
Does 22 divide 2873002?
True
Does 4 divide 1462768?
True
Does 370 divide 10550550?
True
Is 22 a factor of 1934999?
False
Is 460 a factor of 6535400?
False
Does 16 divide 107552?
True
Does 69 divide 26593?
False
Does 19 divide 461149?
True
Is 4457145 a multiple of 35?
True
Is 33 a factor of 443551?
False
Does 309 divide 888169?
False
Is 9720684 a multiple of 36?
True
Does 23 divide 617573?
True
Does 398 divide 473273?
False
Is 5527708 a multiple of 24?
False
Is 1309644 a multiple of 36?
True
Is 13 a factor of 123315?
False
Is 11 a factor of 565257?
True
Does 40 divide 246160?
True
Is 13477069 a multiple of 41?
True
Is 674798 a multiple of 27?
False
Does 24 divide 10182264?
True
Is 5520 a multiple of 46?
True
Does 4 divide 2077?
False
Does 22 divide 6029188?
True
Is 1462646 a multiple of 54?
False
Is 850 a factor of 4849250?
True
Does 1546 divide 8674310?
False
Is 8632968 a multiple of 12?
True
Is 469 a factor of 1833095?
False
Is 388143 a multiple of 7?
True
Is 3424844 a multiple of 1468?
True
Does 485 divide 2495325?
True
Is 956202 a multiple of 82?
True
Does 190 divide 6791556?
False
Is 311 a factor of 3080144?
True
Is 213 a factor of 1021882?
False
Is 300014 a multiple of 22?
True
Is 240506 a multiple of 67?
False
Is 4 a factor of 4474?
False
Does 17 divide 148699?
True
Does 3 divide 1562?
False
Is 160102 a multiple of 5?
False
Is 1184515 a multiple of 42?
False
Is 2001116 a multiple of 10?
False
Is 225114 a multiple of 17?
True
Is 4597708 a multiple of 4?
True
Is 34681 a multiple of 79?
True
Is 6055203 a multiple of 231?
True
Is 1220550 a multiple of 103?
True
Is 27975 a multiple of 3?
True
Is 6186074 a multiple of 41?
False
Is 115495 a multiple of 137?
False
Is 8145061 a multiple of 1006?
False
Is 9 a factor of 29241?
True
Does 50 divide 2108100?
True
Is 1443342 a multiple of 138?
True
Does 383 divide 3537771?
True
Does 36 divide 767196?
True
Does 25 divide 1673325?
True
Is 14 a factor of 9483908?
True
Does 34 divide 1670963?
False
Is 1221 a factor of 3486757?
False
Is 28253 a multiple of 7?
False
